common divisor of 960 and 90.
30
Calculate the highest common factor of 16 and 292.
4
Calculate the greatest common divisor of 64573 and 31.
31
Calculate the greatest common divisor of 805 and 230.
115
What is the highest common factor of 15 and 485?
5
What is the greatest common divisor of 93 and 189?
3
What is the highest common divisor of 23 and 7613?
23
What is the highest common divisor of 5335 and 165?
55
What is the highest common factor of 11 and 352?
11
Calculate the highest common divisor of 1400 and 840.
280
What is the highest common factor of 243 and 891?
81
What is the greatest common divisor of 30 and 1410?
30
Calculate the greatest common factor of 5625 and 180.
45
What is the highest common divisor of 44 and 2464?
44
What is the highest common divisor of 224 and 1424?
16
Calculate the greatest common factor of 78 and 1300.
26
Calculate the greatest common factor of 82 and 369.
41
Calculate the greatest common divisor of 14 and 7.
7
Calculate the greatest common factor of 1079 and 13.
13
What is the greatest common divisor of 494 and 38?
38
What is the highest common factor of 44 and 64?
4
What is the greatest common factor of 215 and 45?
5
What is the greatest common divisor of 168 and 35?
7
Calculate the highest common divisor of 77 and 77.
77
What is the greatest common divisor of 2900 and 203?
29
What is the greatest common divisor of 1501 and 1343?
79
Calculate the highest common divisor of 102167 and 377.
377
Calculate the greatest common factor of 726 and 44.
22
What is the highest common factor of 222 and 12?
6
Calculate the highest common factor of 4 and 1076.
4
What is the greatest common factor of 64 and 512?
64
Calculate the highest common divisor of 44 and 5544.
44
What is the greatest common divisor of 108 and 1161?
27
What is the highest common divisor of 4 and 292?
4
Calculate the greatest common factor of 77 and 165.
11
Calculate the highest common divisor of 1140 and 960.
60
Calculate the highest common factor of 65 and 2665.
65
What is the highest common factor of 2844 and 12008?
316
What is the highest common divisor of 72 and 24?
24
What is the greatest common divisor of 36 and 990?
18
Calculate the highest common factor of 115 and 253.
23
Calculate the greatest common factor of 15 and 2615.
5
What is the greatest common divisor of 3404 and 69?
23
What is the highest common divisor of 30 and 390?
30
What is the greatest common factor of 10175 and 110?
55
Calculate the greatest common divisor of 580 and 8.
4
What is the highest common divisor of 474 and 54?
6
What is the greatest common divisor of 174 and 11774?
58
Calculate the greatest common divisor of 404 and 3535.
101
What is the greatest common divisor of 36 and 2532?
12
What is the highest common factor of 234 and 26?
26
What is the greatest common divisor of 18166 and 62?
62
Calculate the greatest common factor of 8964 and 324.
108
What is the highest common divisor of 2604 and 20?
4
What is the greatest common factor of 152 and 488?
8
What is the greatest common factor of 52808 and 92?
92
Calculate the highest common divisor of 18 and 117.
9
What is the greatest common factor of 80 and 32?
16
Calculate the greatest common factor of 89 and 22517.
89
What is the greatest common factor of 38 and 49058?
38
Calculate the greatest common factor of 1679 and 584.
73
Calculate the greatest common divisor of 36 and 306.
18
What is the greatest common factor of 2256 and 168?
24
Calculate the greatest common divisor of 82 and 82.
82
What is the greatest common factor of 3968 and 256?
128
Calculate the greatest common divisor of 460 and 184.
92
Calculate the highest common divisor of 1352 and 156.
52
What is the highest common factor of 342 and 59850?
342
Calculate the greatest common factor of 18 and 36.
18
What is the greatest common factor of 14 and 49?
7
What is the highest common divisor of 837 and 27?
27
What is the greatest common factor of 4840 and 176?
88
What is the greatest common factor of 5 and 915?
5
What is the greatest common factor of 235 and 48645?
235
Calculate the highest common divisor of 65 and 700.
5
What is the highest common factor of 75 and 175?
25
Calculate the highest common factor of 4 and 62.
2
What is the greatest common divisor of 100 and 380?
20
What is the greatest common factor of 165 and 891?
33
Calculate the greatest common divisor of 297 and 243.
27
What is the highest common divisor of 250 and 20?
10
Calculate the greatest common factor of 1344 and 210.
42
What is the highest common factor of 52 and 6526?
26
Calculate the highest common factor of 216 and 135.
27
What is the greatest common factor of 18 and 4878?
18
What is the highest common factor of 181 and 38372?
181
Calculate the greatest common factor of 910 and 2210.
130
Calculate the greatest common factor of 1222 and 94.
94
What is the greatest common divisor of 570 and 114?
114
What is the highest common divisor of 1582 and 35?
7
Calculate the greatest common factor of 130 and 975.
65
What is the greatest common divisor of 740 and 340?
20
What is the greatest common factor of 44 and 2816?
44
Calculate the greatest common factor of 4 and 644.
4
Calculate the highest common divisor of 52 and 16.
4
Calculate the greatest common divisor of 47 and 423.
47
Calculate the greatest common divisor of 667 and 1247.
29
Calculate the greatest common divisor of 12 and 84.
12
What is the highest common factor of 16 and 28?
4
Calculate the greatest common factor of 15 and 555.
15
What is the highest common divisor of 133 and 56?
7
Calculate the greatest common factor of 385 and 253.
11
Calculate the greatest common factor of 28 and 288.
4
What is the greatest common divisor of 5156 and 12?
4
What is the greatest common factor of 1197 and 969?
57
What is the greatest common divisor of 9238 and 62?
62
What is the greatest common factor of 175 and 56?
7
What is the greatest common divisor of 32 and 52?
4
What is the highest common divisor of 252 and 56?
28
Calculate the highest common factor of 156 and 390.
78
What is the highest common divisor of 441 and 42?
21
Calculate the highest common factor of 1840 and 2944.
368
Calculate the greatest common factor of 12 and 66.
6
Calculate the greatest common divisor of 91 and 14.
7
Calculate the greatest common factor of 100 and 925.
25
Calculate the highest common divisor of 2475 and 90.
45
Calculate the highest common divisor of 80 and 2360.
40
What is the highest common divisor of 92 and 230?
46
Calculate the highest common factor of 56 and 196.
28
Calculate the greatest common divisor of 28 and 292.
4
Calculate the greatest common factor of 217 and 7.
7
What is the greatest common divisor of 191 and 59401?
191
What is the highest common factor of 30 and 315?
15
Calculate the greatest common divisor of 106 and 29309.
53
Calculate the highest common divisor of 1062 and 288.
18
What is the highest common divisor of 535 and 5243?
107
Calculate the greatest common factor of 15 and 1305.
15
Calculate the highest common divisor of 10595 and 5.
5
Calculate the highest common divisor of 8640 and 2640.
240
What is the greatest common factor of 1338 and 6?
6
Calculate the greatest common divisor of 6150 and 750.
150
Calculate the highest common factor of 78 and 4719.
39
Calculate the highest common factor of 7450 and 3576.
298
Calculate the highest common factor of 12 and 108.
12
Calculate the highest common divisor of 111 and 592.
37
What is the highest common factor of 27 and 189?
27
Calculate the greatest common factor of 19138 and 42.
14
Calculate the greatest common factor of 26364 and 39.
39
Calculate the greatest common factor of 14 and 770.
14
Calculate the greatest common divisor of 324 and 15.
3
What is the highest common factor of 23 and 2208?
23
What is the highest common factor of 1155 and 210?
105
Calculate the greatest common factor of 2891 and 118.
59
What is the greatest common factor of 12 and 876?
12
What is the highest common factor of 112 and 1136?
16
Calculate the highest common factor of 516 and 1419.
129
Calculate the greatest common factor of 280 and 200.
40
What is the greatest common factor of 48 and 3156?
12
Calculate the highest common factor of 664 and 1162.
166
What is the highest common divisor of 637 and 364?
9